t are the prime factors of 256993646?
2, 7, 13, 1412053
List the prime factors of 1747241195.
5, 7, 37, 53, 25457
List the prime factors of 945388360.
2, 5, 7, 17, 1669
List the prime factors of 199273095.
3, 5, 7, 433, 487
List the prime factors of 15762673.
1637, 9629
List the prime factors of 488400538.
2, 23, 10617403
List the prime factors of 3966750650.
2, 5, 19, 47, 73, 1217
List the prime factors of 5949368.
2, 743671
List the prime factors of 176249695.
5, 35249939
List the prime factors of 54455445.
3, 5, 11, 73, 137
What are the prime factors of 119351134?
2, 7, 317, 26893
What are the prime factors of 24182710?
2, 5, 73, 157, 211
List the prime factors of 13146217.
7, 593, 3167
List the prime factors of 278063741.
278063741
List the prime factors of 14468652.
2, 3, 11, 19, 641
List the prime factors of 127218303.
3, 4711789
What are the prime factors of 142250873?
4229, 33637
What are the prime factors of 264890306?
2, 113, 1172081
List the prime factors of 1446248110.
2, 5, 144624811
List the prime factors of 91800306.
2, 3, 13, 17, 47, 491
What are the prime factors of 964189356?
2, 3, 13, 53, 277, 421
What are the prime factors of 321373093?
109, 137, 21521
List the prime factors of 1823776783.
67, 491, 55439
List the prime factors of 119106175.
5, 173, 27539
List the prime factors of 323682613.
19, 17035927
List the prime factors of 756339748.
2, 571, 331147
What are the prime factors of 116242941?
3, 109, 355483
List the prime factors of 75545432.
2, 23, 17851
List the prime factors of 112652111.
11, 13, 787777
What are the prime factors of 143679368?
2, 7, 19, 101, 191
List the prime factors of 1477698969.
3, 823, 598501
List the prime factors of 816287138.
2, 408143569
What are the prime factors of 60750890?
2, 5, 6075089
List the prime factors of 54803950.
2, 5, 1096079
What are the prime factors of 384296668?
2, 7, 631, 21751
List the prime factors of 2385322903.
2385322903
List the prime factors of 512764534.
2, 67, 3826601
What are the prime factors of 32894078?
2, 7, 47, 49991
List the prime factors of 383585390.
2, 5, 103, 372413
What are the prime factors of 341459497?
97, 3520201
List the prime factors of 1524859007.
7, 217837001
List the prime factors of 4058112553.
11, 103, 3581741
List the prime factors of 2233180289.
617, 883, 4099
What are the prime factors of 34243767?
3, 67, 109, 521
List the prime factors of 2770528980.
2, 3, 5, 101, 457183
List the prime factors of 42502483.
1327, 32029
List the prime factors of 56851003.
11, 353
What are the prime factors of 1811727759?
3, 29, 20824457
What are the prime factors of 1140587240?
2, 5, 13, 1051, 2087
List the prime factors of 110769235.
5, 22153847
What are the prime factors of 235702229?
7, 17, 23, 86117
List the prime factors of 50252005.
5, 1453, 6917
What are the prime factors of 225991098?
2, 3, 17, 41, 18013
What are the prime factors of 1719373580?
2, 5, 149, 151, 3821
List the prime factors of 1341749467.
19, 29, 47, 197, 263
List the prime factors of 874319457.
3, 11, 751, 35279
List the prime factors of 324073600.
2, 5, 101273
What are the prime factors of 124312173?
3, 41437391
What are the prime factors of 6024622134?
2, 3, 2297, 437137
List the prime factors of 1663754013.
3, 23, 893051
What are the prime factors of 2456851987?
97, 25328371
What are the prime factors of 102121039?
9883, 10333
List the prime factors of 69010598.
2, 1033, 33403
What are the prime factors of 6062108971?
37, 131, 461, 2713
What are the prime factors of 3238517141?
53, 61104097
List the prime factors of 3992037037.
41, 97, 109, 9209
What are the prime factors of 636014670?
2, 3, 5, 61, 367, 947
What are the prime factors of 2919505573?
41, 179, 397807
List the prime factors of 3994309124.
2, 13, 19, 4042823
List the prime factors of 206253039.
3, 359, 191507
What are the prime factors of 383651078?
2, 19, 10096081
What are the prime factors of 141915906?
2, 3, 11, 716747
List the prime factors of 78416223.
3, 17, 23, 66851
List the prime factors of 1175849361.
3, 53, 389, 6337
What are the prime factors of 939591646?
2, 7, 67113689
What are the prime factors of 341153345?
5, 13, 5248513
What are the prime factors of 469171499?
1867, 251297
List the prime factors of 137535832.
2, 7, 19, 129263
List the prime factors of 694826428.
2, 19, 29, 315257
What are the prime factors of 25297758?
2, 3, 17351
What are the prime factors of 96841936?
2, 19, 318559
List the prime factors of 646914296.
2, 7, 107, 1009
What are the prime factors of 442147397?
101, 4377697
List the prime factors of 2459922526.
2, 1229961263
What are the prime factors of 1930242657?
3, 7, 107, 859031
List the prime factors of 790871654.
2, 17, 683, 34057
What are the prime factors of 169644294?
2, 3, 61, 17167
What are the prime factors of 761456923?
1439, 529157
List the prime factors of 8930526.
2, 3, 11, 12301
List the prime factors of 318826772.
2, 11, 17, 38749
List the prime factors of 790103641.
89, 149, 59581
List the prime factors of 5020715263.
47, 106823729
What are the prime factors of 11836836?
2, 3, 11, 71, 421
List the prime factors of 626512807.
373, 1679659
What are the prime factors of 108581708?
2, 43, 61, 79, 131
List the prime factors of 2890954925.
5, 71, 311, 5237
List the prime factors of 66641461.
66641461
List the prime factors of 10009361.
109, 229, 401
List the prime factors of 4360588861.
37, 117853753
List the prime factors of 279560524.
2, 69890131
List the prime factors of 18004600.
2, 5, 90023
What are the prime factors of 61624642?
2, 379, 81299
What are the prime factors of 760427751?
3, 6983, 36299
What are the prime factors of 6368638534?
2, 59, 53971513
What are the prime factors of 4390301451?
3, 59, 2311, 10733
List the prime factors of 2691747714.
2, 3, 448624619
What are the prime factors of 53091763?
53091763
What are the prime factors of 8907338?
2, 11, 113, 3583
What are the prime factors of 4591948039?
7, 179, 3664763
List the prime factors of 348465437.
41, 2207, 3851
What are the prime factors of 858715051?
19, 23, 47, 41809
What are the prime factors of 90915571?
71, 431, 2971
List the prime factors of 392447009.
392447009
What are the prime factors of 617589386?
2, 308794693
List the prime factors of 733180172.
2, 73, 2510891
List the prime factors of 16555246.
2, 17, 89, 5471
What are the prime factors of 4748581557?
3, 175873391
List the prime factors of 136426746.
2, 3, 571, 39821
What are the prime factors of 124855382?
2, 29, 2152679
What are the prime factors of 540869565?
3, 5, 36057971
What are the prime factors of 34459415?
5, 6891883
List the prime factors of 497948663.
349, 683, 2089
What are the prime factors of 18140326?
2, 17, 19, 28081
List the prime factors of 6207246351.
3, 4931, 15541
What are the prime factors of 99730030?
2, 5, 9973003
List the prime factors of 186529632.
2, 3, 23, 3673
List the prime factors of 2238033092.
2, 559508273
What are the prime factors of 2372784719?
23, 53, 1946501
List the prime factors of 22207689.
3, 7, 53, 739
What are the prime factors of 78227849?
7, 31, 360497
What are the prime factors of 762949991?
762949991
What are the prime factors of 235435633?
1201, 196033
What are the prime factors of 534767004?
2, 3, 739, 20101
What are the prime factors of 257483523?
3, 11, 709321
What are the prime factors of 634956683?
193, 3289931
What are the prime factors of 1293075365?
5, 3271, 79063
List the prime factors of 28153831.
28153831
List the prime factors of 23133178.
2, 653, 17713
What are the prime factors of 117063507?
3, 11, 197, 1637
What are the prime factors of 329755473?
3, 173, 211789
List the prime factors of 55725410.
2, 5, 13, 428657
List the prime factors of 4400632852.
2, 7, 11, 17, 840457
What are the prime factors of 4739361307?
4739361307
What are the prime factors of 201456375?
3, 5, 17, 31601
List the prime factors of 346091216.
2, 1187, 18223
What are the prime factors of 34582866?
2, 3, 109, 52879
What are the prime factors of 100010641?
1567, 63823
List the prime factors of 1173902161.
1173902161
What are the prime factors of 40157522?
2, 67, 299683
List the prime factors of 434527374.
2, 3, 907, 79847
List the prime factors of 1207023575.
5, 48280943
List the prime factors of 10